37. Let c be n(-61). Let x(q) = q**3 + 6*q**2 + 9*q + 13. What is x(c)?
-7
Let p(f) = -f**2 - 65*f + 755. Let b be p(-75). Let d(n) = -2*n - 15. Give d(b).
-25
Let x(d) = 13*d + 42. Let o(t) = -81*t - 260. Let l(s) = -2*o(s) - 13*x(s). Calculate l(13).
-117
Let j(q) = -7*q**3 + 8*q**2 + 3*q - 13. Let b(n) = -n**3 + 1. Let t(i) = 6*b(i) - j(i). Suppose 0 = -f - 7*w + 50, 0 = -32*w + 33*w - 6. Calculate t(f).
-5
Let w(q) = q**3 + 4*q**2 + 4*q + 4. Suppose 0 = 9*n + 4*c - 5, -11*n = -9*n + 5*c - 34. Give w(n).
1
Let f(v) = 100*v + 191 - 110*v - 115. Give f(8).
-4
Let f = 66 + -63. Let p(d) = -4*d**f - d**2 + 42*d - 2*d**2 - 2 - 44*d. Give p(-2).
22
Suppose 119 = 374*c - 367*c. Let r(l) = l**2 - 17*l. Determine r(c).
0
Let k(b) = -10 - 9 - 5*b**2 + b**3 + 15 - b + 12*b**2. Suppose o = 5*p - 4*o - 20, 13 = -3*p - 2*o. Let n = p - 6. Give k(n).
3
Let g(d) = 999*d**2 - 2014*d**2 + 1016*d**2. Suppose 9*f - 3*l - 14 = 4*f, -4*f - 3*l = 5. Let m be (3 + -4)/(f + 0). Give g(m).
1
Let y(c) = 3*c - 4. Let z be 1/(-4) + (-51)/(-12). Suppose -v = -4*t - 15, 0 = v + 5*t - 7*t - 9. Suppose v*o + z = 4*o. What is y(o)?
8
Let m(h) = -h**2 + 4*h + 7. Let u(o) = -4*o**2 + 3 + 2 - 2*o**2 + 3. Let z be u(-3). Let x = 52 + z. Determine m(x).
-5
Let w(u) = -3*u**2 + 4*u + 4. Suppose 5*i - 1366 = j, 4*i - 4*j + 8*j - 1112 = 0. Let m = i - 270. Calculate w(m).
-28
Suppose 23*v + 586 - 563 = 0. Let m(q) = -27*q**3 - q**2 - 2*q - 1. Determine m(v).
27
Let v be 2/3*-3*306/(-204). Let n(y) = -y**v - 15 + 9 + 5 + 4*y + y**2. Give n(3).
-7
Let b(c) = -4*c - 55. Suppose 0 = 72*i - 70*i + 2*m + 28, 0 = i + 5*m + 18. Give b(i).
-3
Let g(o) = -19*o**2 + 2483*o**3 - 4*o - 2*o + 217 - 2484*o**3. Give g(-18).
1
Let i(x) = -x**3 + 2*x + 1. Suppose 4*v - 472 = -2*j, -3*j + 385 = -2*v - 331. Let d = j - 239. What is i(d)?
0
Suppose -2*w - p - 5 = -8, -22 = 2*w - 4*p. Let g(s) = 59*s**2 + 2*s + 2. Give g(w).
59
Let r(g) = -36*g - 15*g**2 - 12*g**2 + 28*g**2 - 59 - 5*g + 53*g. What is r(5)?
26
Let k(r) = -r**3 + 20*r**2 - 16*r - 53. Let z = 3806 + -3787. What is k(z)?
4
Let v(p) = -71*p**3 + 15*p**2 + 47*p**3 + 25*p**3 - 2*p - p - 20. Determine v(-15).
25
Let u(h) be the second derivative of -3*h**3/2 + 12843*h. Let o = 10 + -6. Let l(k) = k - 3. Let i be l(o). What is u(i)?
-9
Let s(o) = -o**3 - 13*o**2 - 11*o + 14. Let l = 3863 + -3875. Give s(l).
2
Let t = 268 - 570. Let l = t + 297. Let d(w) = -8*w - 4. What is d(l)?
36
Let r(d) = 12*d + 123. Let z be r(-10). Suppose 5*t = 4*c - 8, 4*c - 10 = 3*t - c. Let y(n) = 3*n + 3*n**2 - n + t*n**3 - n**3 + 2. What is y(z)?
8
Let i(m) be the third derivative of m**4/12 + 2*m**3/3 + m**2. Suppose 0 = 5*c - 4*w - 128, 2*w = -4*c + 3*c + 34. Suppose -c*v + 11*v = -51. What is i(v)?
10
Let b be (-17 - 0) + 2/5*5. Let k be 5/b*(-2 + -1). Let c(s) = -4*s**3 + s**2. What is c(k)?
-3
Let l(k) = 11 + 6 - 39 + 14 + 12 + 6*k**3. Give l(-2).
-44
Let v = -125 + 128. Let s(w) = -3666*w**2 + 3667*w**2 - v*w - 3 + w + 1. Determine s(3).
1
Let z(p) = p**2 + 3*p - 4. Suppose -210 = -13*i + 583. Let q = -66 + i. Give z(q).
6
Let b be ((-1)/4)/(3/(-60)). Let f be (b + -2)/(-1)*-1. Let u(a) = 2*a**2 + f + 2*a**2 - 14*a**2 - 6*a + 11*a**2. What is u(3)?
-6
Let d(z) = -2726*z - 7*z**2 - 1 + 2733*z + 18. Let s(j) = 9*j**2 - 8*j - 17. Let r(v) = 4*d(v) + 3*s(v). Give r(7).
-4
Suppose 11*n + 16 = 7*n. Let y(m) be the third derivative of -1/120*m**6 - 13*m**2 + 0*m**3 + 0 - 1/12*m**5 - 1/12*m**4 + 0*m. What is y(n)?
-8
Let m(b) be the third derivative of b**6/120 + b**5/15 - b**4/12 - 2*b**3/3 + b**2 - 33*b + 3. What is m(-6)?
-64
Let z be (332/(-16))/(3 - (-83)/(-28)). Let g = 576 + z. Let q(w) = -w**3 - 4*w**2 + 5*w + 4. Calculate q(g).
4
Let z(h) = 450*h - 884*h + 435*h - 26. Determine z(-8).
-34
Let a(y) = 17*y + 2. Let n(g) = -27*g - 3. Let q(m) = -8*a(m) - 5*n(m). Let b(c) = c**2 - 7*c + 10. Let v(o) = -b(o) - 3*q(o). Give v(9).
2
Let d(r) be the first derivative of r**4/12 + 3*r**3/2 - r**2 + 9. Let k(m) be the second derivative of d(m). Let w be -5 - (-2)/((-6)/3). Give k(w).
-3
Let a(q) be the third derivative of -q**4/24 - q**3/6 - 297*q**2 - 25*q. Suppose 3*l - 28 = 7*l - 4*d, -3*d + 1 = l. What is a(l)?
4
Let v = 141 - 142. Let j(q) = 2*q + 0 - 15*q**2 + 16*q**2 + 1 + 4*q**3. What is j(v)?
-4
Let z(q) = -q + 1. Let l = -1007 - -672. Let i = l + 331. Give z(i).
5
Let x(b) be the first derivative of b**6/360 - 13*b**5/120 + 3*b**3 + 2*b**2 - 43. Let j(y) be the third derivative of x(y). Calculate j(13).
0
Let y(t) = -t**3 + 19*t**2 - 20. Let q = -1131 + 1150. Determine y(q).
-20
Let z(c) = 2*c - 4. Let d(n) = 6*n**3 - 76*n**2 - 25*n - 2. Let w be d(13). Determine z(w).
18
Let u(l) be the first derivative of l**6/360 + l**5/120 - l**4/24 - 176*l**3/3 + 162. Let c(p) be the third derivative of u(p). Calculate c(5).
29
Let u be (40/(-2))/(18/(-531)). Let t = u + -591. Let z(i) be the second derivative of -3*i**5/20 - i**2/2 + i. Give z(t).
2
Let j(y) be the third derivative of -y**5/60 - y**4/3 - y**3 + 30*y**2. Suppose 3*w = -2*a - 22, -5*a - 38 = 101*w - 102*w. What is j(a)?
-6
Let x(y) = -2*y**2 - 5*y. Let b = 2699 + -2694. Let m(g) = 3*g**2 + 11*g. Let u(n) = n - 3. Let s be u(6). Let i(d) = b*x(d) + s*m(d). Calculate i(6).
12
Let x(b) = -2*b**2 + 90*b + 9. Let l(m) = -m**2 + 37*m + 4. Let p(k) = -7*l(k) + 3*x(k). What is p(-11)?
-1
Let n(i) = 91*i**2 - 9*i - 1. Let u(g) = -25*g**2 + 2*g. Let a(q) = 2*n(q) + 9*u(q). Calculate a(-1).
-45
Let i(a) = -53*a - 264. Let u = 1553 - 1558. What is i(u)?
1
Let f(d) be the third derivative of 41*d**2 + 5/3*d**3 + 0 + 0*d - 1/60*d**5 + 7/12*d**4. What is f(13)?
23
Let v = -15289 + 15289. Let x(i) be the first derivative of v*i**3 - 1/2*i**2 + 39 - 1/4*i**4 - 15*i. Give x(0).
-15
Let t(h) be the first derivative of -h**4/4 + 4*h**3/3 - 3*h**2/2 - 3*h - 18. Let s = -26 - -26. Suppose -2*j - y - 1 + 4 = s, -5*y - 27 = -4*j. Determine t(j).
-3
Let m(k) = -13*k**2 - 13*k**2 + 41*k**2 + 1 - 13*k**2 + k - 15*k**2. Let z be 1/(-5) + 18/15 - 2. Determine m(z).
-13
Let x be 73/(-7) - (-200)/140. Let m(t) = 5*t + 34. What is m(x)?
-11
Suppose 325*c = -2*a + 322*c + 5, -10*c - 7*c + 51 = 0. Let q(o) = 8*o**2 + 6*o - 14. Let i(t) = -3*t**2 - 2*t + 5. Let z(w) = -17*i(w) - 6*q(w). What is z(a)?
15
Suppose a = -2*r - 5, 3*r - 3*a - 287 = -272. Let m(k) = k**2 + 82*k - 1. Give m(r).
-1
Let c = 109 - 114. Let s(u) = -5 - 6*u**2 - 20*u**3 - 17*u**3 + 0 - 5*u + 36*u**3. Determine s(c).
-5
Let y(r) be the third derivative of -1/3*r**4 + 0 - 4*r**2 + 0*r - 1/60*r**5 + 2*r**3. Let w(b) be the first derivative of y(b). Give w(-6).
4
Let y(z) = -9*z**2 + 14. Let c be 0/2*((-45)/(-9) + -6). Calculate y(c).
14
Let f(p) be the third derivative of -p**6/120 + 7*p**5/12 + 5*p**4/3 - 74*p**3/3 + 9*p**2 - 3*p. Give f(36).
-4
Let r = -45 + 48. Let w be (1 - (r - 5))*3/(-3). Let a(l) = 13*l + 5. Let z(b) = 6*b + 2. Let y(m) = -3*a(m) + 7*z(m). Calculate y(w).
-10
Let k = -20 - -20. Suppose k = -2*d + 11*d + 54. Let p(i) = -i**2 - 5*i + 5. What is p(d)?
-1
Let n(p) = 2*p + 23. Let l = 2081 - 2069. Calculate n(l).
47
Let u be -5 + (-616)/(-12) - (-4)/6. Suppose 0 = 4*v + p + 103, -2*v - u = 8*p - 3*p. Let n be -5*(v/30 + 2/3). Let t(k) = -9*k**3 + k**2. Determine t(n).
-8
Let w(a) = -5*a**2 + 3*a + 48. Let t(j) = -12*j**2 + 6*j + 100. Let k(q) = -2*t(q) + 5*w(q). Give k(8).
0
Let n(k) be the third derivative of k**5/60 + 5*k**4/8 + 5*k**3 - 2*k**2 - 816*k. Calculate n(-13).
4
Let i(l) be the first derivative of 5*l**2 - 9*l + 2980. What is i(3)?
21
Let t(w) = -w**3 - 7*w**2 + 4*w + 13. Suppose 17 = 29*l - 28*l - 5*r, -3*r - 7 = -l. What is t(l)?
45
Let z(n) = -n**3 + 2*n**2 - 2*n + 4. Let x = 545 + -566. Let j be (x - -34)*(-6)/(-39). Give z(j).
0
Let t(u) = u**2 - 11*u + 33. Let j = -13 - -18. Let o be t(j). Let c(p) = p**3 - 3*p**2 - p. Determine c(o).
-3
Let d(i) be the first derivative of -i**3/3 + i**2/2 + 8*i - 28. Let t = -4050 - -4048. What is d(t)?
2
Let t(j) = 3*j**2 - 15*j - 250. Let l be t(12). Let f(b) = -20*b + 19. What is f(l)?
-21
Let j(q) = -q**3 + 7*q**2 - q + 10. Suppose -2*u + 0*r - r + 71 = 0, 3*u - 105 = -r. Let v = -25 + u. Suppose -25 = -v*l + 38. What is j(l)?
3
Let d be (-22 - 10) + (-3 - -24). Let z(t) = -2*t**3 - 27*t**2 + 